7)/2. Let b be 4/6 - r/i. What is the greatest common factor of 17 and b?
17
Let f(w) = w**3 - w**2 + w + 6. Let o be f(0). Let z = o - 8. Let u be (-166)/(-2) + z + 4. What is the highest common factor of 17 and u?
17
Suppose -n + 5*n = 40. Let o be 3/6*n/1. Suppose l + 5*q - 24 - 8 = 0, -2*l - o*q = -54. What is the greatest common factor of l and 33?
11
Let d = -43 + 89. Calculate the greatest common factor of 322 and d.
46
Suppose 0 = 2*y + 3*r, 4*y + 4*r = 6*r. Suppose -4*z + 15 + 9 = y. What is the highest common factor of 2 and z?
2
Suppose -3*m + 72 = m + 4*h, -3*h - 26 = -m. What is the greatest common divisor of m and 100?
20
Suppose u - 2*p - 29 = 6, 4*u = 5*p + 125. Calculate the highest common divisor of 5 and u.
5
Let h(i) = -4*i**3 + 2*i**2 - i - 2. Let j be (24/18)/(2/9). Suppose 5*l = -4 - j. Let a be h(l). What is the greatest common divisor of a and 16?
8
Let c(u) = -17*u - 4. Let s be c(-2). Suppose -4*z + z + s = 0. Calculate the highest common factor of z and 50.
10
Let m be (-2)/(-7) + (-1037)/(-119). What is the greatest common divisor of m and 1?
1
Let n(p) = -p**3 - 10*p**2 - 10*p + 2. Suppose -16 = -v + 6. Let g = 13 - v. Let o be n(g). Calculate the highest common factor of 99 and o.
11
Let d be (-327 + (-9)/(-3))/(-1). Calculate the greatest common factor of 36 and d.
36
Suppose -8*g + 175 = -3*g. What is the greatest common factor of g and 5?
5
Let t(j) = j**3 + 5*j**2 + 2*j - 4. Suppose -5*v - 11 - 4 = 0. Let g be t(v). Calculate the highest common divisor of 4 and g.
4
Let t be -4*(3 + (-18)/4). Let z(l) = -5*l - 6. Let f be z(-4). Let s be (-2)/(-14) + 250/f. Calculate the highest common factor of t and s.
6
Suppose 2*z + z = -3*f + 240, 2*f - 161 = -z. What is the greatest common factor of 9 and f?
9
Let k be (-1*256/(-12))/((-4)/(-6)). What is the highest common factor of k and 80?
16
Suppose -5 = 2*k - 7*k. Calculate the highest common factor of k and 3.
1
Let u(a) = -a - 12. Let i be u(-11). Let r be i/(3 - 86/28). What is the greatest common factor of 35 and r?
7
Suppose -6*h + 20 = -h. Suppose 3*w - 2*s + 5 = 15, 4*s = 4. Suppose 7 = o + z - w, 14 = o - 2*z. What is the greatest common divisor of o and h?
4
Suppose -5*m = 3*x - 2*m - 45, 2*m + 90 = 4*x. What is the highest common factor of x and 20?
20
Suppose o - 5*o = -3*i - 24, i + 18 = 3*o. Let j = 89 + -35. What is the highest common divisor of o and j?
6
Suppose -3*s + 2*s - 4*u + 162 = 0, 0 = 4*s + u - 648. What is the greatest common factor of 18 and s?
18
Suppose 19 + 1 = 5*h. Suppose -g + 16 = h. Suppose 3*o - 6 = 2*o. Calculate the greatest common divisor of o and g.
6
Let j = 80 + -77. Calculate the greatest common factor of j and 21.
3
Let v(s) = 4*s**2 + 6*s - 10. Let r be v(4). Let y(i) = -i**2 + 52. Let t be y(0). What is the highest common divisor of r and t?
26
Suppose -4*l + 0*l = -44. What is the greatest common divisor of l and 33?
11
Let k = -4 - -49. Let o(f) = 4*f + 2. Let w be o(4). Calculate the greatest common divisor of w and k.
9
Let l(v) = 1 - 3*v - 12*v**2 + 6*v + v**3 + 11*v**2 - 10*v**3. Let z be l(-2). Let n = -12 + 19. What is the greatest common factor of z and n?
7
Let n = 19 + -13. Let a = 4 - 2. Suppose 23 = -a*o + 131. Calculate the highest common factor of o and n.
6
Let u(v) = -2*v - 1. Let f be u(-1). Calculate the highest common factor of 3 and f.
1
Let v = 24 + -19. Suppose 1 = -4*i - 5*y, -v = -5*i + 3*y + 3. What is the highest common factor of i and 4?
1
Suppose x - 4*g - 8 = 0, 3*x + 4*g + 4 = -4. Let k be -1*(-1 - x - 134). Let y be 3*5 - 0/3. What is the greatest common divisor of k and y?
15
Suppose -16*z = -7*z - 81. Calculate the highest common factor of 171 and z.
9
Let b(c) = -c**3 + 5*c**2 + 8*c - 7. Let u be b(6). What is the greatest common factor of u and 2?
1
Suppose -160 = -4*q + 4*y, -2*q + 5*y - 2*y + 85 = 0. Let x = -55 + q. Let g = -9 - x. Calculate the highest common factor of g and 121.
11
Suppose 5*d + 56 - 151 = -3*i, 1 = d. Calculate the highest common divisor of i and 10.
10
Let j(w) = 89*w**2 + 1. Let l be j(1). Let q be ((-612)/(-119))/((-1)/(-7)). What is the greatest common factor of q and l?
18
Suppose -4*u = 3*x - 0*x - 383, 4*x = -3*u + 513. Suppose 3*r + 183 = 3*b, 62 + x = 3*b - r. Calculate the greatest common divisor of b and 13.
13
Let s = -3 - -5. Suppose -2*h = 22 - 2. Let u be (s - 1)*1 - h. What is the highest common factor of u and 121?
11
Suppose -n - 36 + 170 = 2*p, -3*p - 3*n + 195 = 0. What is the greatest common divisor of 23 and p?
23
Suppose 58 - 15 = -h. Let s = -20 - h. Let d = s - 3. What is the highest common divisor of 50 and d?
10
Let m(u) = -u. Let s(l) = -7*l**2 + 6*l - 1. Let v(q) = -6*m(q) - s(q). Let b be (-2)/4 - 3/6. Let d be v(b). Calculate the highest common factor of d and 88.
8
Let p(w) = 6*w**2 - 13*w + 1. Let r be p(3). Suppose 0 = m + 4*z - 148, -2*m = -m + 3*z - 147. Calculate the highest common factor of m and r.
16
Let m = 85 + -15. Suppose -4*q = -8*q + 228. Let a be q/4 - 2/8. Calculate the highest common divisor of m and a.
14
Let t be (-14 + 15)/((-2)/(-4)). What is the highest common divisor of t and 6?
2
Let f(r) = -r + 29. Let j be f(5). What is the highest common divisor of j and 30?
6
Suppose -g = 3 - 1. Let s be (-1 - -4)/((-3)/g). Suppose -7*k + s*k + 800 = 0. Calculate the highest common factor of k and 20.
20
Let x(z) = 11*z**2 - 1. Suppose -c + 0 - 1 = 0. Let y be x(c). Calculate the greatest common factor of y and 90.
10
Let c be ((-6)/9)/((-2)/171). Calculate the greatest common divisor of 38 and c.
19
Let a = 36 + -25. Let b be (0/(-2))/(-1 + -1). Suppose b = 3*m - 7*m + 484. What is the highest common divisor of a and m?
11
Suppose 0*p - 7 = -p. Let r be p*2 + 1 + 1. What is the greatest common factor of r and 16?
16
Suppose 2*q - 39 + 1 = -3*h, 36 = h - 4*q. Calculate the highest common divisor of 40 and h.
8
Suppose 0 = -0*r - 5*r + 2*m + 1278, -3*r - 3*m = -771. Calculate the greatest common factor of r and 16.
16
Suppose -4*r = -2*r - 12. Let j(n) = -5*n**3 + 2*n - 1. Let u be j(1). Let w be (-14)/u + 3/r. Calculate the greatest common divisor of w and 28.
4
Let y = -110 - -114. What is the greatest common factor of y and 2?
2
Let p be (0 - (0 - -1)) + 7. Let n = 7 - p. What is the greatest common divisor of 1 and n?
1
Let x(i) = 2*i**3 - i - 1. Let b be x(3). Let d(g) = 43*g - 4. Let k be d(3). What is the greatest common divisor of k and b?
25
Suppose 2*z = 5*p + 18 + 43, -3*z = 4*p - 126. Suppose 0 = -3*u + 4*r + 118 - z, 64 = 3*u + 4*r. What is the greatest common divisor of 3 and u?
3
Suppose 4*l - b - 17 = 0, -5*b - 25 = l - 6*l. Calculate the greatest common divisor of 12 and l.
4
Suppose 5*q + 2 = 3*q. Let i be 191 + -2 + q + 1. What is the highest common factor of 27 and i?
27
Let i be (-323)/(-3) + 5/15. What is the greatest common divisor of 12 and i?
12
Let z = -120 + 190. What is the greatest common factor of 10 and z?
10
Let u(h) = -h**2 + 2*h + 2. Let w be u(2). Let x be (2 - 24)*1*5. Let s be (8/10)/((-4)/x). Calculate the highest common divisor of w and s.
2
Suppose 98 + 130 = 4*h + 4*n, 12 = 4*n. What is the greatest common divisor of 9 and h?
9
Let u be 2/(-19) + 13401/57. What is the greatest common divisor of 47 and u?
47
Let n be ((-198)/4)/(-3)*2. Let l(h) = 1 - 2 - 5*h - 10 + h**2. Let j be l(7). What is the greatest common divisor of n and j?
3
Let y = 49 + -28. Let v = -7 + y. Let w be (-4)/(-14) + 288/21. What is the greatest common divisor of v and w?
14
Let t be -4 + 2 - (-15 - -3). What is the highest common divisor of t and 70?
10
Suppose 1 - 49 = 4*x. Let l = x + 16. What is the greatest common divisor of 2 and l?
2
Let s be (-1 + 2)/((-4)/(-396)). What is the greatest common factor of 11 and s?
11
Let n(u) = u**3 + 3*u**2 - 1. Let t be n(-2). Calculate the highest common factor of 15 and t.
3
Suppose -4*d = 31 + 13. Let r be 18/99 + (-1153)/d. What is the greatest common factor of r and 42?
21
Let u(q) = 3*q**2 - 1. Let v be u(1). Let x be (-234)/(-15)*5/v. Calculate the highest common factor of 13 and x.
13
Suppose -5*m + 2*q = -80, -2*m + 97 = 2*m + 5*q. What is the greatest common divisor of 45 and m?
9
Let u be 0 + (-23 - -2) + 2. Let z be u/(-4) - (-1)/4. Let o = z + -1. Cal